at is the tens digit of (26/4)/(g/l)?
1
Suppose -2*w = -5*w. Suppose -2*j - 3*j + 230 = w. What is the units digit of j?
6
Suppose 4*n + 28 = 4*h, -5*h - n + 0*n = -53. Suppose 0 = -4*q - 20, 2*w + 4*q - 48 = -h. What is the units digit of w?
9
Let x be ((-4)/(-3))/(2/6). Suppose 0 = -8*c + x*c + 84. What is the tens digit of c?
2
Suppose 92 = 2*b - 0. Suppose 0 = 3*f + 2*f - 5*p - 80, 3*f = 2*p + b. What is the units digit of f?
4
What is the units digit of 147/6 - 3/(-6)?
5
Let f = 0 + 5. Let b be 4/f*(-10)/(-4). Suppose q - 4 = -b*u + 3, 0 = 5*u - 3*q + 10. What is the units digit of u?
1
What is the hundreds digit of (1 + 209)/(0 + 2)?
1
Let b = 25 + -15. What is the units digit of b?
0
Let l(h) = -6*h - 2. Suppose 4*g = 4*n - 24, 1 = -g - 5*n - 5. What is the tens digit of l(g)?
3
Suppose -3*u - 480 = -3*t, -2*t + 344 = -2*u + 6*u. What is the units digit of t?
4
Suppose 0 = -4*f + 6*h - 4*h + 134, 4*h + 12 = 0. Suppose 0 = -2*o + f - 4. Let i = -9 + o. What is the units digit of i?
5
Let h(m) = -m**3 + 6*m**2 + 2*m - 10. Let p be h(6). Suppose 57 = t + p*t. What is the units digit of t?
9
Suppose 2*i = 1 + 3. Let c(h) = 2*h**2 + 9*h - 11. Let f(s) = s**2 + 5*s - 6. Let j(o) = 3*c(o) - 5*f(o). What is the units digit of j(i)?
5
What is the units digit of 5*6*(36/(-30))/(-3)?
2
Suppose -m + 2 = -4. Let j = -4 + m. Suppose -1 + 7 = -j*o, -2*r = o - 5. What is the units digit of r?
4
Suppose 0 = -6*h + 5*h - 2*v + 14, 47 = 3*h + 5*v. What is the units digit of (7/4)/(2/h)?
1
Let c(g) be the first derivative of 2 + 11*g - 1/2*g**2 + 1/3*g**3. What is the tens digit of c(0)?
1
Suppose 1 = -6*l + 13. Suppose a + a = l*i + 60, 158 = 5*a - 3*i. What is the units digit of a?
4
Let x(v) = v**2 - 5*v + 3. Let w be x(6). Let t = w + -2. Let f = 14 - t. What is the units digit of f?
7
Let o(m) = -2*m - 8. Let c be o(-5). Suppose -2*f + c*z - 7*z + 52 = 0, -2*f = 4*z - 48. What is the units digit of f?
6
Let p = -4 + 9. Suppose -5*f = -4*k + 7, 0 = -5*k + 3*f + 20 + p. Let q = 9 + k. What is the tens digit of q?
1
Let y(d) = 2*d - 16. Let z be y(-14). Let x = z - -84. What is the units digit of x?
0
Let w(j) = 6*j**2 + 1. What is the tens digit of w(2)?
2
Let k(o) = 5*o**2 - 3*o - 4. What is the units digit of k(-2)?
2
Suppose 0 = 3*j - 2*k - 5 - 8, -2*j = k - 18. What is the units digit of j?
7
Let l(x) = -3*x + 6. What is the tens digit of l(-8)?
3
Let f(r) = r**2 - 4*r + 25. What is the tens digit of f(10)?
8
Suppose 69 = -4*s + l, 2*l + 20 - 73 = 3*s. Let j = s - -36. What is the units digit of j?
9
Suppose -3*w - 200 = -7*w. What is the units digit of w?
0
Suppose 60 = -4*x + 5*x. Suppose x = 10*r - 6*r. What is the units digit of r?
5
Let k(t) = -10*t**3 + t**2. Let z be k(-1). Let d = 15 - 7. Let p = z - d. What is the units digit of p?
3
Suppose n + n = 10. Let h = n + 2. What is the units digit of h?
7
Let c(l) = -l**3 - l**2 + 18. Suppose -2*f = -5*f. What is the units digit of c(f)?
8
Let t = 16 - 4. What is the units digit of t?
2
Suppose -11 = 4*b + 37. Let w = b + 22. What is the tens digit of w?
1
Suppose 3*b + 4*d = 0, 4*b + d - 18 = -5. What is the units digit of -2*b/8 - -15?
4
Let x(z) = -2*z - 9. Suppose -b = 5*l + 41, 6*l + 2*b + 34 = 2*l. What is the units digit of x(l)?
7
What is the units digit of (-3 - (-16)/6)*-66?
2
Let i be (-28)/20 - (-4)/10. Let m be i/5 - (-16)/5. What is the tens digit of m/(16/13 - 1)?
1
Suppose -g + 8 = g. Suppose -u - 6 = g*u + 4*f, 0 = -u - f - 2. What is the units digit of u?
2
Suppose 13*q - 7*q = 24. What is the units digit of q?
4
Let c be (-14)/5 - (-2)/(-10). Let k be (c + 0)/((-6)/8). Suppose -k*p - r + 31 = 0, -r - r = 10. What is the units digit of p?
9
Suppose -2*i + 50 = -94. What is the tens digit of i?
7
Let q = 1 + 1. Suppose -3*t - 3*p + 9 = 0, -q*t = t + 5*p - 11. What is the units digit of t?
2
Let n(k) = k**2 - 2*k - 3. Let v be n(7). Let y = -16 + v. What is the units digit of y?
6
Let g be (2 - -2) + -2 + 2. Suppose -y + 23 = g*k, y = -5*k + 6*y + 35. Suppose k*p = 4*p + 20. What is the tens digit of p?
1
Suppose -4*v + 4*k - 6*k = -472, -v - 5*k = -118. What is the hundreds digit of v?
1
Let r(c) = -2*c + 2. Let s be r(-2). What is the tens digit of 8*s + 6/2?
5
What is the units digit of 8/(-2) + -3 + 15?
8
Let o(z) = 32*z**3 - z. Let m be o(-1). Let s = 56 + m. What is the tens digit of s?
2
Let b(q) = 4*q**2 - 3 + q**3 + 7*q + 0*q**2 - 9*q. What is the units digit of b(-3)?
2
Suppose v - 4 - 2 = 0. Let z = -3 - v. Let q = z + 15. What is the units digit of q?
6
Let m(v) be the third derivative of v**5/30 + v**4/12 + v**3/6 - 3*v**2. What is the units digit of m(-1)?
1
Let h = 32 - 14. Suppose -2*j + 6*j - 4*k = 52, k - 47 = -3*j. What is the units digit of -5*h/j*-1?
6
Suppose v = 19 - 8. Suppose -5*f - 7 = -2*f + c, -v = -f + 3*c. What is the units digit of 5/(1 + 1 + f)?
5
Suppose 1 - 19 = -5*c - n, 0 = -c - n + 6. Suppose 0 = -c*o + 5*y - y, -y = o. Suppose 15 = w - o*w - 2*q, 5 = -q. What is the units digit of w?
5
Let c be 2/7*(2 - -5). Suppose 2*q - 3 = -q. What is the units digit of (-1 - (-7 + c)) + q?
5
Let n(l) = 11*l + 4. Let s be n(4). Suppose 5*z + s = 4*k, 2*k + 5*z + 2 = -4. Let x(m) = -m**2 + 7*m + 10. What is the units digit of x(k)?
0
Suppose 2*m + 27 = 3*q, -q = m - 5*q + 21. Let o = m + 23. Suppose -o = -2*i - 2. What is the units digit of i?
6
Suppose 2*x = -5*w, -2*x = -4*w - w. Let k = w - -2. What is the units digit of k?
2
Suppose 21 = -5*o + 86. Suppose 2*t - 1 = -o. What is the tens digit of 82/6 + (-2)/t?
1
Let g = 97 - 20. What is the tens digit of g?
7
Suppose -y + 4*y + 492 = 0. What is the tens digit of (-10)/(-15) + y/(-6)?
2
Let j(t) = -t**3 - 2*t**2 + 4*t - 5. Let g be j(-5). Let z(u) = 5*u**2 - 2*u - 1. Let r be z(-1). Suppose r*l = l + g. What is the units digit of l?
0
Let c = 2 + 2. Suppose -3*y + 3*w - 1 = 2, 2*y - c*w = -4. Suppose -4*x + 4*s + 15 - 3 = y, -s = 3*x - 13. What is the units digit of x?
4
Let u = 44 + -13. Let k = 53 - u. What is the tens digit of k?
2
Suppose -3*j + 4 = -5. Let w = j + 0. What is the units digit of w?
3
Let a be (2 - 2)/(0 + 3). Suppose 2*b = -a + 4. Let u(i) = 2*i**3 - 2*i**2 - 2*i. What is the units digit of u(b)?
4
Suppose 3*p = 2*p - 31. Let c = 25 - -20. Let v = p + c. What is the units digit of v?
4
Let x = 115 - 50. What is the units digit of x?
5
Suppose 9*m = 11*m + 24. Let y = m + 30. What is the units digit of y?
8
Suppose -79 - 11 = -3*w. Suppose 12 = 2*u + 2*b, 0*b + 4*b - w = -5*u. What is the units digit of u?
6
Suppose -2*m + 11 = 5. Let v(c) = -2*c**3 + 2*c**2 + c. Let t be v(-2). Suppose b - m*b = -t. What is the units digit of b?
1
Suppose -5*p + 10 = -4*p. What is the units digit of p?
0
Suppose -u + 2*u - 15 = 0. What is the tens digit of u?
1
Let i be (2/(-1) - -2)*-1. Suppose 3*r - 6 = -i*r. Suppose r*f - 3*f = -5. What is the units digit of f?
5
Let n(l) = 3*l + 7. What is the units digit of n(9)?
4
Let w be -1 + 2 + -3 + 2. Suppose 4*r = -3*n + 63, -n - n + r + 42 = w. Suppose -5*u + 10*u + 3*m = 51, u - 3*m = n. What is the tens digit of u?
1
What is the units digit of 1/((-4)/224*-4)?
4
What is the units digit of (128/(-20))/((-1)/10)?
4
Suppose 4*z + 9 = -k, 3*k + 2*k + 9 = -2*z. Let n be 8/(-3)*(-1 + z). What is the units digit of 3/(-12) - (-58)/n?
7
Let b(u) = u + 1. Let h = -4 - -3. Let q(j) = -6. Let r(n) = h*q(n) - 5*b(n). What is the units digit of r(-1)?
6
Suppose 0 = 5*w - 5*l - 15 - 15, 2*w + 3*l = -8. Let v(u) = w - 9*u**2 + 12*u**2 - u + 0*u. What is the units digit of v(2)?
2
Suppose 0 = 5*f + 2*j + 26, -7*j + 2*j + 4 = f. Let p = -3 - f. Suppose 5*a + p*z - 5 = 0, -11 - 25 = -4*a + 4*z. What is the units digit of a?
4
Let b(l) = l**2 + 9*l - 10. Let s be b(-10). Suppose c = -u - s*u + 28, -4*c = 0. What is the units digit of u?
8
Let w(a) = a**3 - 3*a**2 + 4. Let h be w(3). Suppose 4*i - 2*r = r + 128, -128 = -h*i + 2*r. What is the tens digit of i?
3
Suppose 7*b - 4*b + 30 = 0. Let w = b - -14. What is the units digit of w?
4
Let d(l) = -l**2 - 6*l + 6. Let k(o) = o**2 + 12*o - 11. Let z(n) = -5*d(n) - 3*k(n). What is the tens digit of z(4)?
1
Let g = -3 - -5. Let t be (0 + 1)/(g/4). Suppose 0*s - 5*s - 4*f = -30, -3*s = -t*f - 18. What is the units digit of